the greatest common divisor of x and 72?
36
Suppose a + n + 475 = 5*a, 3*a - 5*n - 335 = 0. Calculate the greatest common divisor of a and 30.
30
Let s(m) = m - 8. Let k be s(8). Suppose -2 = -2*c + 4, 56 = 4*r + 4*c. Let l = r - k. Calculate the highest common divisor of 11 and l.
11
Let x be (-5)/((-978)/(-144) - 7). Calculate the greatest common factor of 384 and x.
24
Suppose -59 = -o - 7. Let b = o - 40. Let t(n) = -n**3 - 6*n**2 + 6. Let k be t(-6). What is the highest common factor of k and b?
6
Suppose 0 = -35*c + 40*c - 135. What is the highest common factor of 135 and c?
27
Suppose 2*a - 341 = 5*u, 5*a - 2*a - 5*u - 509 = 0. Calculate the greatest common divisor of 12 and a.
12
Let g = -21 - -54. Suppose -3*d + b + 15 + 14 = 0, 3*d - 3*b - g = 0. Let o = 12 - d. Calculate the highest common divisor of o and 21.
3
Suppose -3*y - 4*u + 104 = -2*u, -24 = -y + 2*u. What is the greatest common divisor of 72 and y?
8
Suppose 60 = 5*k - 5*d, 5*d - 1 = 4*k - 52. Calculate the greatest common divisor of k and 27.
9
Let b = 496 - 475. Let h be (63 - (-1 - -3)) + 2. What is the highest common divisor of b and h?
21
Let b(c) = 6*c + 102. Let v be b(-14). Suppose 4*h + 0*h + 8 = 0. Let a be (-9)/(-2)*h*-1. What is the greatest common divisor of v and a?
9
Suppose -3*m + 54 = 3*f, f + 4 = -4*m + 25. What is the greatest common factor of f and 68?
17
Suppose 0 = -2*s + a + a + 266, -4*s + 532 = -a. Suppose 4*c + 6*c - 190 = 0. Calculate the highest common factor of s and c.
19
Suppose 8 = 2*b + g, -5*b + 4*g - 8 = -2. Suppose -4 + 0 = -4*w. Suppose 7 = x + 2*l, -b*x + w = -x - l. Calculate the greatest common divisor of x and 21.
3
Suppose 527*s = 533*s - 138. Calculate the highest common divisor of 115 and s.
23
Let y = 184 + -103. Let d(h) = -2*h + 2*h + 11 - 18 - 2*h. Let t be d(-8). Calculate the greatest common factor of y and t.
9
Let a(l) = -l - 4*l + 5 + 0*l. Let r be a(-5). Calculate the highest common factor of r and 75.
15
Let t(u) = 18*u - 33. Let m be t(10). What is the greatest common factor of m and 63?
21
Let n = 68 + -26. Suppose -3*k - n = -6*k. Calculate the greatest common divisor of k and 21.
7
Let t = -236 + 546. Calculate the greatest common factor of t and 10.
10
Suppose 3*g - l = -334, -4*g + 3*l + 243 = 695. Let v = -41 - g. Calculate the highest common divisor of v and 46.
23
Let p = 1 - -5. Let g be 7 - (3/2)/((-3)/(-8)). Suppose -g*i = -3, -4*u + 4*i + 4 = -0*u. Calculate the greatest common divisor of p and u.
2
Let z be 3 - 836/(-10) - 12/(-30). Calculate the greatest common divisor of 145 and z.
29
Let n(r) = 2*r + 14. Let u be n(5). Suppose 4*q = -w + 293, -q + 38 = -5*w - 9. What is the highest common divisor of q and u?
24
Let f = 291 + -501. Let w be (f/12)/((-2)/28). Suppose -7*z + 490 = -w. Calculate the highest common factor of z and 42.
21
Suppose -12 = -h + 2*j, 2*j + 4 - 8 = -3*h. Let d be (2 + 0 - -66) + h/(-2). What is the highest common factor of d and 6?
6
Suppose 0 = 2*q - 3*q + 4*r + 52, -3*q + 3*r = -147. Let x = 1879 + -1867. What is the highest common factor of q and x?
12
Let x be -17*154*3/6. Let u be (-2)/(-12) + x/(-66). Let t(v) = -v**3 - 2*v**2 + 6*v - 8. Let r be t(-6). Calculate the highest common divisor of u and r.
20
Suppose -5*a + 234 = b - 38, 0 = b + 3*a - 278. What is the greatest common divisor of b and 82?
41
Let g = 362 - 154. What is the greatest common factor of g and 156?
52
Let v be (-17*1)/(-24 + 23). What is the greatest common factor of 17 and v?
17
Let j = -56 - -146. What is the highest common divisor of j and 315?
45
Suppose 4 = -5*s - 2*h + 197, 2*s = -3*h + 75. Suppose c + 3*c + x = 780, -x = 0. What is the greatest common divisor of c and s?
39
Suppose 4*x - 97 - 19 = -2*k, 0 = -2*x - 2*k + 56. What is the greatest common divisor of x and 70?
10
Suppose -u = 4*a - 715, -3*a + 2860 = 4*u - 8*a. Calculate the greatest common divisor of 11 and u.
11
Suppose 0*h = 4*h - 504. Calculate the highest common factor of 18 and h.
18
Let t = -61 - -92. What is the highest common factor of t and 1984?
31
Let i(q) = 41*q**3 - 3*q**2 + 81*q - 436. Let y be i(5). What is the highest common factor of y and 21?
21
Let m(p) = p**2 + 2*p + 64. Let g be m(0). Suppose -13*j = -17*j + g. Calculate the greatest common divisor of j and 8.
8
Suppose -w = 4*v + 552, -5*v + 148 = -2*w + 838. Let k = v + 236. Let c = k - 68. Calculate the greatest common divisor of c and 12.
6
Let n = 853 - 831. What is the highest common factor of n and 8?
2
Suppose 12 = p + 14. Let x be p + 13/7 + (-666)/(-7). What is the highest common factor of 19 and x?
19
Suppose -6*a + 9*a = 18. Let r be 6*(-2 - (3 - a)). Calculate the greatest common factor of r and 6.
6
Let k be (2/(-2))/((-13)/273). What is the greatest common factor of 3 and k?
3
Suppose c = p + 48 - 20, -4*c - p = -112. Calculate the greatest common factor of 868 and c.
28
Let w(y) = y**3 - 4*y**2 - 3*y + 4. Let s be w(5). Suppose 5*m - 5*i - 45 = 0, -2*m - 3*i = 7 - 50. What is the highest common factor of m and s?
14
Suppose -i = -290 + 34. Suppose -6*x = 2*x - i. Calculate the greatest common factor of x and 16.
16
Suppose r = -4*b + 54 + 46, 0 = -5*b - 2*r + 128. Let v = -2335 + 2599. What is the highest common divisor of v and b?
24
Let k(g) = 6*g**2 + 16*g + 15. Let a be k(-5). Calculate the greatest common factor of 459 and a.
17
Let o(t) = 5*t - 6. Let w be o(6). Suppose -2*l - 148 = -4*f, 6 = -5*l - 4. Calculate the highest common divisor of w and f.
12
Suppose -4*u - 2 = 3*o - 15, 2 = -2*o. Let h = -93 + 163. Let b = -69 + h. Calculate the greatest common divisor of u and b.
1
Suppose 5*g = 5*w - 45, -w = 2*g + g + 23. Let b be (g/(-5))/(20/50). Let f be ((-4)/(-3))/((-8)/(-60)). What is the greatest common factor of f and b?
2
Let y(l) = -3*l**3 - 7*l**2 - 2*l - 4. Let c be y(-3). Calculate the highest common divisor of 380 and c.
20
Suppose 2*p + 35 = 7*p. Suppose -5*o = -p*o + 20. Calculate the greatest common divisor of 110 and o.
10
Let m = 179 - 168. Calculate the highest common divisor of m and 77.
11
Suppose -5*r + 456 + 1029 = 0. Suppose -54 = -2*j + 12. Calculate the greatest common factor of j and r.
33
Let d = -622 + 727. Calculate the highest common factor of 21 and d.
21
Let c(n) = -6*n + 3 - 30 + 14. Let q be c(-6). Calculate the highest common factor of 69 and q.
23
Let b(d) = d**2 - 8*d - 4. Suppose -12 = -4*h, 4*z = -2*h - 0*h + 10. Suppose -z = -f + 8. Let i be b(f). What is the highest common factor of i and 40?
5
Let p(v) = v**3 + 8*v**2 + 5*v + 4. Let b = -27 - -21. Let r be p(b). What is the greatest common factor of r and 23?
23
Suppose -48 = -4*o + 4*s, -3*o + 4*s - 34 = -73. Let n be 1/(-4) + 794/8. Calculate the greatest common factor of n and o.
9
Let t = -264 - -436. Suppose -177*l + 220 = -t*l. What is the greatest common factor of 11 and l?
11
Let d = 8 + 2. Let s be -4 + 6/3 + d. Suppose -8 = -8*p + 56. What is the highest common divisor of p and s?
8
Suppose 0*x - 22*x + 1320 = 0. Calculate the highest common divisor of x and 375.
15
Let o be (-14 - 2)*2*2. Let g = 102 + o. Let a = 64 - g. Calculate the greatest common divisor of 39 and a.
13
Let o be 97 + (0 - 7 - 0). Calculate the greatest common divisor of o and 10.
10
Let b be 7*(2 - 11/7). Let p(q) = -q + 1. Let c be p(b). Let u be 4 + c/((-8)/44). What is the greatest common divisor of u and 90?
15
Let y = 30 - -22. What is the greatest common factor of y and 39?
13
Suppose -3*x - x + 224 = v, 2*x - 4*v - 130 = 0. Suppose -b = 22 - 35. Suppose 0 = b*j - 9*j - 152. What is the highest common factor of j and x?
19
Let s be 13468/(7 + 0) - (4 + 0). Calculate the greatest common divisor of 15 and s.
15
Let c = 115 - 208. Let x = c - -95. What is the greatest common divisor of x and 6?
2
Suppose -4*g = 3*x - 272, 4*g - 272 = -26*x + 22*x. Let l = 1 - -16. Calculate the greatest common divisor of l and g.
17
Let t(n) = n**3 + 2*n**2 + n + 6. Let q be t(3). Let z = 31 - q. Let i = z - -27. What is the greatest common factor of 8 and i?
4
Suppose -5*o + 3*n + 5702 = 0, n + 0*n + 4563 = 4*o. Let u be o/(-5) + 13/65. Let r be u/(-14) - (-4)/(-14). What is the highest common divisor of r and 112?
16
Suppose -d = -3*d + 12. Let q(n) be the third derivative of 